2. Suppose 4 = 5*a - g*a. Suppose -3*k + k = -a. Calculate q(k).
7
Let i(g) be the second derivative of -g**3/6 + 7*g**2/2 + 2*g. Let z(b) = 3*b + 1. Let q be z(-3). Let u = q + 14. Calculate i(u).
1
Suppose -8 = -13*m + 9*m. Let u(w) = m*w + 4*w - 2*w - 2*w. Let k = 1 + -2. What is u(k)?
-2
Let s(m) = m**3 + m**2 - 3*m + 3. Suppose 2*h - 19 = 3*g, -4*h - g = -5*h + 11. Suppose -3*t + 16 = 5*a, 3*t = 3*a - 2*a - h. Determine s(t).
-6
Let u = 14 + -12. Let f(h) = 0*h + 13*h**2 - 1 - 14*h**u - 3*h. Give f(-3).
-1
Let b(p) = -4*p**2 - 11*p + 15. Let m(t) = t**2 + 3*t - 4. Let q(r) = 6*b(r) + 22*m(r). Determine q(2).
-6
Let g be (-1 - 1 - -1) + 9. Suppose 22 = 5*k - g. Let o(i) = -i + 8. Determine o(k).
2
Suppose 4*p - 36 = -2*a - 2*a, -2*a - 5*p + 30 = 0. Let o(i) = -1 + 2*i - 4*i**3 + a*i**3 - i**2 + 2*i + 5*i**2. Calculate o(-3).
-4
Let j(p) = p**2. Let m(i) = -4*i**2 - 5*i + 4. Let y(z) = -3*j(z) - m(z). Let a = 11 + -2. Suppose a = 4*t + 29. Give y(t).
-4
Let x(b) = b**2 + 3. Let u be (-3)/(0 - 0 - 1). What is x(u)?
12
Let s(t) = t**3 - 3*t**2 - t - 5. Let h(i) = 2*i + 26. Let d be h(-11). Calculate s(d).
7
Suppose 4*g - w + 16 = -5*w, 3*g = 5*w - 12. Let c(h) = -h. Give c(g).
4
Let y(f) = f**2 + 6*f - 5. Suppose 2*c = -14 - 0. Calculate y(c).
2
Suppose 3 = 5*x - 3*d, x + 2*d = 4*d - 5. Let p(i) = i**3 - 4*i**2 + 2*i - 2. What is p(x)?
-5
Let b(q) be the third derivative of q**5/60 - q**4/24 - q**3/3 - 39*q**2. What is b(3)?
4
Let l(v) be the first derivative of -5 - 1/4*v**4 + 0*v - v**3 + 3/2*v**2. Let z be (1/(-2))/(2/16). Calculate l(z).
4
Let i(s) = -5*s**2 - 6*s + 3 + 4*s**2 + 2*s**2. Calculate i(6).
3
Let p(k) = -k**3 - 5*k + 3*k**3 - 3 - 3*k**3 + 4*k - 5*k**2. Suppose -5*o = 11 + 4. Let d = o - 2. Determine p(d).
2
Suppose -10*a + 115 = 13*a. Let b(i) = i + 5. Let q(x) = -2*x - 15. Let g(o) = -8*b(o) - 3*q(o). Calculate g(a).
-5
Let y(b) = -14*b - 6. Let z(v) = v + 1. Let h(d) = -y(d) - 5*z(d). Determine h(-1).
-8
Let i(w) = w**2 + 4*w + 3. Suppose k = -4*f - 11, 4*f = k + 2 - 7. Give i(k).
0
Let c(v) be the second derivative of -v**4/6 - v**3/6 - v**2/2 - v. Let h be (-30)/(-12) + (-1)/2. Suppose -g + 6 = -2*r, -h*r + 2*g - 1 = 9. Calculate c(r).
-2
Let s(d) = d**2 - 6*d + 6. Suppose 5*m - 9 = 11. Calculate s(m).
-2
Let l = -4 - -9. Let p be 4/2 + l + -2. Let r(u) = 3*u - 5. Calculate r(p).
10
Let y(d) be the first derivative of d**4/4 - 3*d**3 + 4*d**2 - d - 10. What is y(8)?
-1
Let z(j) = -2*j**3 - 2*j - 1. Let x be z(-1). Suppose -1 + 4 = x*a. Let v(n) = 0*n + 1 - 9*n**3 - n + 0*n. Calculate v(a).
-9
Let s(h) = 8*h - 1. Suppose 20 = -2*k - 5*d, 3*k + 40 = -0*k - 5*d. Let b = k + 21. Determine s(b).
7
Let g(l) = l + 3. Let a be g(5). Let d = 13 - a. Let o(f) = f. Let s be o(d). Let j(k) = k**3 - 5*k**2 + 5. Give j(s).
5
Let l(v) = -4*v - 10. Suppose 2*z + 2*w = -2*z + 26, -5*z + 30 = 3*w. Let a(t) = 2*t + 5. Let q(k) = z*a(k) + 4*l(k). Determine q(-5).
-5
Let z = 95 - 88. Let s(m) = -m**3 + 6*m**2 + 10*m - 8. Give s(z).
13
Suppose -5 = -s - 0*s. Let g(p) = 5*p**2 - 11*p + 3. Let m(u) = -14*u**2 + 32*u - 10. Let f(o) = 11*g(o) + 4*m(o). Give f(s).
3
Let h(p) be the first derivative of -11*p**2/2 - p + 2. What is h(1)?
-12
Let o(w) = w**3 + w**2 - w + 2. Let x(b) = -7*b**3 + b - 15. Let y(u) = 6*o(u) + x(u). Let r(a) = -a**2 + 6*a - 1. Let h be r(5). Give y(h).
9
Suppose -2*s = 5 - 13. Let m(c) be the second derivative of 0 - 1/20*c**5 - c - c**2 - 1/3*c**3 + 1/6*c**s. What is m(2)?
-6
Let r(v) = -v**2 - 5 - 2*v**2 - 13*v + 16*v - v**3 + 8. Calculate r(-4).
7
Let g(y) = y**3 - y**2 - 2*y - 1. Let f(l) be the third derivative of -l**6/120 - 11*l**5/60 - l**3/3 - 3*l**2. Let n be f(-11). Determine g(n).
-9
Let w(v) be the first derivative of v**2/2 - 2*v + 4. Suppose 1 = -3*u - 11. Calculate w(u).
-6
Let m(t) = -1 - 4*t + t + 2*t. Let l be (-6 - -9) + (-4 - 1). Give m(l).
1
Let q(h) = -14*h + 6*h**2 - 1 - h**3 - 7 + 16*h. Give q(6).
4
Let g(r) = -5*r**3 - r**2 - 3*r + 3. Let i(l) = l**3 + l**2. Let o(f) = -f**2 - 6*f - 4. Let b be o(-4). Let k(d) = b*i(d) + g(d). Let y = 13 - 10. Give k(y).
-6
Let b(t) = 4*t + 1. Let g = 8 + -12. Let y = g + 5. Determine b(y).
5
Let i be 2/(2*4/20). Let z = i + -2. Let t(l) = -l**2 + 4*l - 1. What is t(z)?
2
Suppose -3*i + 9 = -2*u, i + 11 = -2*u + 6*i. Let r(h) = -h**2 + 2. Determine r(u).
-7
Let d be 63/(-9)*(-1 + 2). Let v = 13 + d. Let x(s) = -s**3 + 7*s**2 - 8*s + 6. Give x(v).
-6
Let r(m) = m**2 + m - 6. Let u be (-6)/8 + (-2)/8. Let s = u - -1. Give r(s).
-6
Let f = -24 - -27. Let m(l) = l**2 - l. Calculate m(f).
6
Suppose -6 = -4*o + 6. Let q(k) = 1 - 5*k**3 + k**3 - k**2 + o*k**3 + k. Determine q(-1).
0
Let a be (-36)/(-27)*1*-3. Let w(c) = -4*c + c**2 + 3 - 3*c**2 + c**2. Give w(a).
3
Let j(p) = p**2 + 7*p - 3. Let h be 93/(-15) - 2/(-10). What is j(h)?
-9
Let r(t) = t**2 + 3*t**3 + 1 + 0 - 2*t**3. Let n = -64 + 63. What is r(n)?
1
Let z(t) = -6*t + 2. Let c(n) = n + 1 - 2*n**2 + n**2 + 2*n**2. Let f(o) = -c(o) - z(o). Calculate f(2).
3
Let q(s) = -2*s + 2 - s + 0*s - 553*s**2 + 552*s**2. Determine q(4).
-26
Let v = 9 - 3. Let s(h) = 0 - 3 + 1 + h. Determine s(v).
4
Let k be -3*(-2 + (0 - -1)). Let g(o) = -o + 1. Let u(d) = 5*d - 3. Let z(r) = -4*g(r) - u(r). What is z(k)?
-4
Let c = -55 - -58. Let r(b) = -2*b**3 + 4*b**2 - 2*b - 3. Calculate r(c).
-27
Let u(h) = 3*h - 2. Let l(v) = -8 + v + 3 + 2 - 6. Let r be l(7). Let a = r - 0. Determine u(a).
-8
Let v(t) = -t**2 - t + 4. Let n = 67 - 71. Give v(n).
-8
Let a = 2 - 1. Let h be (-1)/((-1)/a)*5. Let u(c) be the second derivative of -c**3/6 + 2*c**2 - 31*c. Calculate u(h).
-1
Let p(o) = -o - 1. Suppose 0 = 3*b + 12, -2*h + b + 18 = -b. Suppose 0 + 20 = 4*v, 5*m + 10 = h*v. Calculate p(m).
-4
Let d(y) = 2*y**3 + y**2 - 11*y - 6. Let g(m) = -m**3 - m**2 + 5*m + 3. Let p(b) = -3*d(b) - 7*g(b). Let c(r) = -r - 7. Let t be c(-3). Give p(t).
5
Let h(n) be the second derivative of -2/3*n**3 + 1/2*n**2 + n + 0. Let m = 4 + -3. Give h(m).
-3
Let p(n) = -11*n**3 + 5*n**2 - 11*n - 41. Let g(q) = 4*q**3 - 2*q**2 + 4*q + 14. Let i(d) = 8*g(d) + 3*p(d). Let j be 1/5 - 2/10. Give i(j).
-11
Let d be 3 - 0 - 0 - -3. Let c(q) = q**3 + q + 0*q - d*q**2 - 4 + 3*q**2 + 2*q. What is c(3)?
5
Let w(p) = -p + 3. Let m(u) = -u**3 + 2*u. Let h be ((-6)/(-4))/(3/4). Let q be m(h). Let a be q/2 - -3 - -4. Give w(a).
-2
Let p be (8/(-6))/((-2)/(-6)). Let n(w) = -5*w**2 + 3*w + 3*w + 4 + 6*w**2. Let g(f) = 3*f**2 + 18*f + 13. Let k(h) = -2*g(h) + 7*n(h). Give k(p).
-6
Let h(u) = -2*u**2 + 3*u - 1. Suppose -3*b + 4*k = -0*k - 18, 2*b + 5*k = -11. Calculate h(b).
-3
Let k(v) = 7*v**2 + 11*v + 16. Let o(t) = -4*t**2 - 5*t - 8. Let c(n) = -3*k(n) - 5*o(n). Give c(-6).
4
Let y(n) = -n**2 - 3*n + 3. Let t be (-1)/2*0/(-2). Suppose 0 = h + 4 - t. Calculate y(h).
-1
Let g be 1*(1 + 0)*7. Suppose g*v = 2*v + 45. Let p(d) = 5*d - d**2 - d**3 + 5*d**2 - 6 - 7*d + v*d. What is p(5)?
4
Suppose -3*i + 2*r + 4 = 0, -4 = -4*i - 2*r + 5*r. Suppose 0 = -5*j - 9*y + 4*y + 20, -i*j = -3*y + 19. Let t(f) = 5*f**3 - 3*f**3 + 4*f**3. Calculate t(j).
-6
Let t(x) = -x - 1. Let m be 10/(-4) + (-6)/(-12). Let z be m*(-1)/(-3)*3. Calculate t(z).
1
Let o(z) = z**2 + 7*z - 5. Suppose -5*f - 26 = 14. What is o(f)?
3
Suppose -2*m = -m - 6. Let l = -2 + m. Let z(y) be the second derivative of -y**5/20 + y**4/4 + 5*y**2/2 + 2*y. Determine z(l).
-11
Let h(i) = i**3 + 6*i**2 - 10*i - 10. Let u(b) = -b**2 - 26*b - 32. Let y be u(-25). Give h(y).
11
Let i(u) be the first derivative of u**3/3 - 4*u**2 + 4*u + 5. Give i(6).
-8
Let k(a) = -a**2 - 10*a - 6. Suppose -83 = 17*n + 70. Determine k(n).
3
Let g(b) = b**3 - 3*b**2 - 3*b - 1. Let u be g(4). Suppose -u = o - 4. Let c(m) = m - 2. Let l(j) = -j + 2. Let w(v) = -2*c(v) - 3*l(v). Determine w(o).
-1
Let g(r) = r - 1. Suppose 0 = 2*a - 6. Suppose a*o + 2*x = -0 + 10, -12 = -4*o - 4*x. Suppose 2*t = -2*c + 6*t + 20, o*c = 3*t + 15. Give g(c).
-1
Let n(l) = 3*l**2 + 4*l + 3. Let o be 54/(-18) + (-1 - 0)*-1. What is n(o)?
7
Let y(w) be the third derivative of 1/60*w**5 + 2*w**2 + 0*w + 0 + 0*w**3 + 1/12*w**4. Determine y(-4).
8
Let q(n) = 3*n + 2. Let y(i) = -6*i - 5. Let o(m) = -5*q(m) - 3*y(m). Let v(f) = f**2 - 34*f + 141. Let r be v(29). What is o(r)?
-7
L